101 + -1011?
-110
In base 13, what is -5 + 169?
164
In base 12, what is -4b - -4?
-47
In base 14, what is -3 + -c4?
-c7
In base 16, what is 7 - -e?
15
In base 5, what is -1044 + -1?
-1100
In base 13, what is 31 - 2?
2c
In base 15, what is -6bc - -1?
-6bb
In base 7, what is -5 + -2144?
-2152
In base 6, what is -50 + -154?
-244
In base 14, what is -12 + -da?
-10c
In base 11, what is 10 + -345?
-335
In base 16, what is -4 - -eb3?
eaf
In base 11, what is -8 + -2a8?
-305
In base 13, what is -546 - -2?
-544
In base 16, what is 96 - 4?
92
In base 9, what is -1 - -8675?
8674
In base 7, what is -611 + 4?
-604
In base 7, what is 12124 - 3?
12121
In base 3, what is 0 + -21002112?
-21002112
In base 2, what is -1 + 1000000?
111111
In base 5, what is -1 + 4?
3
In base 9, what is 442 + 43?
485
In base 9, what is 42 + -1?
41
In base 4, what is -3 + -233?
-302
In base 5, what is 2 - -1032?
1034
In base 14, what is 13a + 0?
13a
In base 13, what is 434 + 2?
436
In base 8, what is 0 + 545?
545
In base 13, what is -123c - 2?
-1241
In base 16, what is 3 + -23ac?
-23a9
In base 15, what is -46 + -4?
-4a
In base 5, what is -4 - 2113?
-2122
In base 3, what is 100112 + -12?
100100
In base 9, what is 2108 + -1?
2107
In base 14, what is -7 + 5?
-2
In base 4, what is -32 + -103?
-201
In base 8, what is 2770 - 7?
2761
In base 11, what is 1479 + 5?
1483
In base 2, what is 0 - 11101110?
-11101110
In base 13, what is 87 + 7?
91
In base 5, what is 2 - 414?
-412
In base 9, what is 1236 + -2?
1234
In base 16, what is -3619 + 0?
-3619
In base 16, what is -2 + 122?
120
In base 7, what is 143300 - 2?
143265
In base 14, what is -54b + -1?
-54c
In base 9, what is -632 - 7?
-640
In base 5, what is 4 - 3232?
-3223
In base 7, what is 0 - 432?
-432
In base 16, what is 67 - -27?
8e
In base 16, what is 4 + -9?
-5
In base 15, what is -1 - -2e?
2d
In base 9, what is -470 + 13?
-456
In base 4, what is 113110 + -2?
113102
In base 13, what is 388 + -c?
379
In base 12, what is 5 - -3b?
44
In base 4, what is 112331 - -1?
112332
In base 4, what is -23 + -1131?
-1220
In base 14, what is 29 + -15d?
-134
In base 5, what is 3 + 32?
40
In base 3, what is 2010 - -1012?
10022
In base 12, what is 3 + 151?
154
In base 5, what is 343 + 4?
402
In base 6, what is -344 + 3?
-341
In base 7, what is -34562 - 2?
-34564
In base 7, what is 1064 - 15?
1046
In base 13, what is -15 - -170?
158
In base 5, what is 40044 - 10?
40034
In base 16, what is 260 - 6?
25a
In base 2, what is -1 - -11001110001?
11001110000
In base 7, what is -3 + -11626?
-11632
In base 11, what is -42 - 48?
-8a
In base 10, what is -7 + -324?
-331
In base 15, what is 14ee + -1?
14ed
In base 4, what is -1021 + -313?
-2000
In base 10, what is 6 + 668?
674
In base 11, what is 1820 - -5?
1825
In base 12, what is 6 - -228?
232
In base 11, what is -19 - -302?
294
In base 9, what is 54 - 0?
54
In base 10, what is -2 + -413?
-415
In base 3, what is 2 - -2221122?
2221201
In base 3, what is -220 - 210?
-1200
In base 12, what is 4b - 0?
4b
In base 10, what is 271 + -1?
270
In base 5, what is 40112 - -10?
40122
In base 10, what is 411 - -15?
426
In base 6, what is 34 + 2?
40
In base 10, what is 5 - 2790?
-2785
In base 13, what is 3 - c5?
-c2
In base 4, what is 11 + -11230?
-11213
In base 6, what is 1 - -5325?
5330
In base 4, what is 113 - -20321?
21100
In base 4, what is -13 - 20231?
-20310
In base 12, what is 25b + 13?
272
In base 8, what is -6670 + -7?
-6677
In base 10, what is 3427 - 3?
3424
In base 8, what is -30 + 11?
-17
In base 13, what is -4 + 1?
-3
In base 4, what is 12 - 21001?
-20323
In base 11, what is 1415 - 0?
1415
In base 9, what is 4 - 1062?
-1057
In base 12, what is -3 - -26a6?
26a3
In base 5, what is -2 - -131201?
131144
In base 13, what is 4 + -79a?
-796
In base 7, what is -5 + 563?
555
In base 10, what is -44 - -7?
-37
In base 3, what is 2022 + 11?
2110
In base 10, what is -534 + 3?
-531
In base 10, what is -2 - -8201?
8199
In base 2, what is -111000101010 + 11?
-111000100111
In base 2, what is 110 - 10101100?
-10100110
In base 7, what is -134 + -350?
-514
In base 12, what is 3 + -6?
-3
In base 13, what is 1b - 21?
-3
In base 14, what is 533 - -1?
534
In base 16, what is -2 + -6a?
-6c
In base 6, what is -104 - -131?
23
In base 6, what is -30520 - 5?
-30525
In base 10, what is 60 - -5?
65
In base 16, what is 6 - -15?
1b
In base 16, what is -5807 - -2?
-5805
In base 12, what is 39 + -46?
-9
In base 13, what is 83 - -5?
88
In base 10, what is 33 - -7?
40
In base 8, what is 0 - 46?
-46
In base 16, what is -5 - -206?
201
In base 2, what is -101 - 111011111?
-111100100
In base 14, what is -1 - 1d?
-20
In base 9, what is -23 - 527?
-551
In base 13, what is 21 - -4?
25
In base 15, what is -3225 - 1?
-3226
In base 3, what is 12 + -1010?
-221
In base 16, what is -5fa - 6?
-600
In base 15, what is 1 + 174?
175
In base 4, what is 0 + 13?
13
In base 3, what is -12201 + -1?
-12202
In base 2, what is 10110 + -100?
10010
In base 6, what is -1 - 1245?
-1250
In base 14, what is 3a + 42?
7c
In base 13, what is -b + -89?
-97
In base 7, what is 1346 - -3?
1352
In base 7, what is -1 + -565?
-566
In base 9, what is 5 - 714?
-708
In base 9, what is 0 + 1240?
1240
In base 7, what is -5 + 1221?
1213
In base 15, what is 22 + -2c?
-a
In base 2, what is 1 - -10011?
10100
In base 10, what is 6 - 213?
-207
In base 9, what is 22 - 4?
17
In base 10, what is -9 - 2?
-11
In base 13, what is -383b - -3?
-3838
In base 2, what is 110011010 - 1?
110011001
In base 16, what is -190 + b?
-185
In base 11, what is 78 - -6?
83
In base 14, what is -2 - -10b2?
10b0
In base 2, what is -100 - 11101001?
-11101101
In base 5, what is 3310 - 3?
3302
In base 9, what is 505 + -8?
486
In base 5, what is 1403 + 102?
2010
In base 15, what is -30 + -11?
-41
In base 5, what is 3402 - 210?
3142
In base 10, what is 809 - 12?
797
In base 10, what is -245 + -1?
-246
In base 2, what is -1000100011 + 11?
-1000100000
In base 5, what is -2 + 140?
133
In base 9, what is 246 + -1?
245
In base 14, what is -175 - 3?
-178
In base 13, what is -14b + 29?
-122
In base 3, what is -112120 - 1111?
-121001
In base 2, what is -100110 + -111111011?
-1000100001
In base 7, what is 2145 - 5?
2140
In base 3, what is -1 - 101212?
-101220
In base 9, what is -12 - 1003?
-1015
In base 3, what is 2222000002 - -11?
2222000020
In base 15, what is -123ea - -4?
-123e6
In base 2, what is 0 + 11111001000?
11111001000
In base 6, what is 122 + -3?
115
In base 3, what is -10222 + 2?
-10220
In base 4, what is 2301 - 223?
2012
In base 14, what is -512 + -4?
-516
In base 14, what is -2395 - 3?
-2398
In base 13, what is -57 - 0?
-57
In base 7, what is 3 + 1?
4
In base 14, what is 2228 + -2?
2226
In base 16, what is -5ad + 3?
-5aa
In base 12, what is -7 + 0?
-7
In base 8, what is -24 - 566?
-612
In base 5, what is -1002 + 4?
-443
In base 7, what is -4 - -12234?
12230
In base 2, what is -101 - 110000?
-110101
In base 16, what is a + a1?
ab
In base 2, what is -1 + -10111?
-11000
In base 9, what is -3150 + -5?
-3155
In base 16, what is 2 + 7c1?
7c3
In base 5, what is -104 - 10?
-114
In base 6, what is -251 - -5?
-242
In base 7, what is -2413 - 2?
-2415
In base 13, what is 337c + -3?
3379
In base 10, what is 2588 - 4?
2584
In base 10, what is -5 + -1747?
-1752
In base 13, what is -b56 + -13?
-b69
In base 9, what is -452 + -6?
-458
In base 13, what is 154 - -10?
164
In base 16, what is 3 + 20f?
212
In base 16, what is -4 + 3?
-1
In base 9, what is -638 - 2?
-641
In base 12, what is -1 - -75?
74
In base 9, what is -18 + 7?
-11
In base 11, what is 39 - 0?
39
In base 16, what is 2 - 261?
-25f
In base 7, what is -11 + -3?
-14
In base 9, what is -4 + 1867?
1863
In base 15, what is -18 + -68?
-81
In base 13, what is -2 + 63?
61
In base 6, what is -32133 + -2?
-32135
In base 15, what is -9 + 103?
e9
In base 13, what is -1 - 296?
-297
In base 16, what is -47 - 6?
-4d
In base 15, what is 4 + 1a?
1e
In base 3, what is 2002000 - -2?
2002002
In base 3, what is -2102 - -110?
-1222
In base 12, what is 5 + -361?
-358
In base 2, what is -1 + -10100?
-10101
In base 15, what is -8c2 + -4?
-8c6
In base 6, what is 2 - 4334?
-4332
In base 8, what is -1673 - -3?
-1670
In base 14, what is -357 + -1?
-358
In base 14, what is 2 + b3?
b5
In base 11, what is 16 + -40?
-